{"id":783,"date":"2022-01-15T22:25:54","date_gmt":"2022-01-15T21:25:54","guid":{"rendered":"https:\/\/www.svejkmuseum.cz\/wp\/?post_type=product&#038;p=783"},"modified":"2023-07-29T07:15:01","modified_gmt":"2023-07-29T05:15:01","slug":"jaroslav-hasek-ve-fotografii","status":"publish","type":"product","link":"https:\/\/www.svejkmuseum.cz\/wp\/produkt\/jaroslav-hasek-ve-fotografii\/","title":{"rendered":"Jaroslav Ha\u0161ek ve fotografii"},"content":{"rendered":"<p>Sb\u00edrka fotografi\u00ed z r\u016fzn\u00fdch archiv\u016f t\u00fdkaj\u00edc\u00edch se Jaroslava Ha\u0161ka v\u010detn\u011b \u00a0reprodukc\u00ed rukopis\u016f z vyd\u00e1n\u00ed knih, reprodukce z \u010dasopis\u016f. Dopln\u011bno o uk\u00e1zky z Ha\u0161kova d\u00edla. P\u0159edmluvu napsal Zdena An\u010d\u00edk.<\/p>\n","protected":false},"excerpt":{"rendered":"<p>Autor: Jaroslav Ha\u0161ek, uk\u00e1zky.<\/p>\n<p>Editor: Josef Kala\u0161<\/p>\n<p>N\u00e1zev: Jaroslav Ha\u0161ek ve fotografii<\/p>\n<p>Podtitul:<\/p>\n<p>Rok vyd\u00e1n\u00ed: 1959<\/p>\n","protected":false},"featured_media":760,"template":"","meta":[],"product_brand":[],"product_cat":[82,84],"product_tag":[92,93,54],"class_list":{"0":"post-783","1":"product","2":"type-product","3":"status-publish","4":"has-post-thumbnail","6":"product_cat-vse_za_stovku","7":"product_cat-osobnosti","8":"product_tag-ancik","9":"product_tag-ceskoslovensky-spisovatel","10":"product_tag-hasek","11":"pa_barva-cerne","12":"pa_prebal-bez_prebalu","13":"pa_stav-bezny","14":"pa_vazba-kplatno","16":"first","17":"instock","18":"sale","19":"shipping-taxable","20":"purchasable","21":"product-type-simple"},"jetpack-related-posts":[{"id":571,"url":"https:\/\/www.svejkmuseum.cz\/wp\/produkt\/sebrane_verse\/","url_meta":{"origin":783,"position":0},"title":"Sebran\u00e9 ver\u0161e","author":"Jaroslav \u0160er\u00e1k","date":"4. 1. 2022","format":false,"excerpt":"Autor: Jaroslav Ha\u0161ek Editor: Jaroslav \u0160er\u00e1k & Jomar H\u00f8nsi N\u00e1zev: Sebran\u00e9 ver\u0161e Podtitul: Opilec s buclat\u00fdma rukama Rok vyd\u00e1n\u00ed: 2015","rel":"","context":"Podobn\u00fd p\u0159\u00edsp\u011bvek","block_context":{"text":"Podobn\u00fd p\u0159\u00edsp\u011bvek","link":""},"img":{"alt_text":"","src":"https:\/\/i0.wp.com\/www.svejkmuseum.cz\/wp\/wp-content\/uploads\/2019\/06\/opilec_s-buclatyma_rukama.jpg?resize=350%2C200&ssl=1","width":350,"height":200},"classes":[]},{"id":920,"url":"https:\/\/www.svejkmuseum.cz\/wp\/produkt\/b8\/","url_meta":{"origin":783,"position":1},"title":"Bibliografie Jaroslava Ha\u0161ka","author":"Jaroslav \u0160er\u00e1k","date":"29. 1. 2022","format":false,"excerpt":"Autor: Boris M\u011bd\u00edlek Editor: N\u00e1zev: Bibliografie Jaroslava Ha\u0161ka Podtitul: Soupis jeho d\u00edla a literatury o n\u011bm Rok vyd\u00e1n\u00ed: 1983 Pam\u00e1tn\u00edk n\u00e1rodn\u00edho p\u00edsemnictv\u00ed","rel":"","context":"Podobn\u00fd p\u0159\u00edsp\u011bvek","block_context":{"text":"Podobn\u00fd p\u0159\u00edsp\u011bvek","link":""},"img":{"alt_text":"","src":"https:\/\/i0.wp.com\/www.svejkmuseum.cz\/wp\/wp-content\/uploads\/2022\/01\/bibliografie-JH-scaled.jpg?resize=350%2C200&ssl=1","width":350,"height":200,"srcset":"https:\/\/i0.wp.com\/www.svejkmuseum.cz\/wp\/wp-content\/uploads\/2022\/01\/bibliografie-JH-scaled.jpg?resize=350%2C200&ssl=1 1x, https:\/\/i0.wp.com\/www.svejkmuseum.cz\/wp\/wp-content\/uploads\/2022\/01\/bibliografie-JH-scaled.jpg?resize=525%2C300&ssl=1 1.5x, https:\/\/i0.wp.com\/www.svejkmuseum.cz\/wp\/wp-content\/uploads\/2022\/01\/bibliografie-JH-scaled.jpg?resize=700%2C400&ssl=1 2x, https:\/\/i0.wp.com\/www.svejkmuseum.cz\/wp\/wp-content\/uploads\/2022\/01\/bibliografie-JH-scaled.jpg?resize=1050%2C600&ssl=1 3x, https:\/\/i0.wp.com\/www.svejkmuseum.cz\/wp\/wp-content\/uploads\/2022\/01\/bibliografie-JH-scaled.jpg?resize=1400%2C800&ssl=1 4x"},"classes":[]},{"id":785,"url":"https:\/\/www.svejkmuseum.cz\/wp\/produkt\/lidsky-profil-jaroslava-haska\/","url_meta":{"origin":783,"position":2},"title":"Lidsk\u00fd profil Jaroslava Ha\u0161ka","author":"Jaroslav \u0160er\u00e1k","date":"15. 1. 2022","format":false,"excerpt":"Autor: Jaroslav Ha\u0161ek Editor: Radko Pytl\u00edk N\u00e1zev: Lidsk\u00fd profil Jaroslava Ha\u0161ka Podtitul: korespondence a dokumenty Rok vyd\u00e1n\u00ed: 1979 Pozn\u00e1mka: knihu jsem zakoupil v antikvari\u00e1tu a je opat\u0159ena ex libris M\u011bstsk\u00e9 knihovny v T\u0159eboni a Obecn\u00ed knihovny Dunajovice a raz\u00edtkem Vy\u0159azeno. Drobn\u00e9 pozn\u00e1mky tu\u017ekou k rodokmenu na posledn\u00ed str\u00e1nce.","rel":"","context":"Podobn\u00fd p\u0159\u00edsp\u011bvek","block_context":{"text":"Podobn\u00fd p\u0159\u00edsp\u011bvek","link":""},"img":{"alt_text":"","src":"https:\/\/i0.wp.com\/www.svejkmuseum.cz\/wp\/wp-content\/uploads\/2022\/01\/lidsky_profil-3.jpg?resize=350%2C200&ssl=1","width":350,"height":200,"srcset":"https:\/\/i0.wp.com\/www.svejkmuseum.cz\/wp\/wp-content\/uploads\/2022\/01\/lidsky_profil-3.jpg?resize=350%2C200&ssl=1 1x, https:\/\/i0.wp.com\/www.svejkmuseum.cz\/wp\/wp-content\/uploads\/2022\/01\/lidsky_profil-3.jpg?resize=525%2C300&ssl=1 1.5x, https:\/\/i0.wp.com\/www.svejkmuseum.cz\/wp\/wp-content\/uploads\/2022\/01\/lidsky_profil-3.jpg?resize=700%2C400&ssl=1 2x, https:\/\/i0.wp.com\/www.svejkmuseum.cz\/wp\/wp-content\/uploads\/2022\/01\/lidsky_profil-3.jpg?resize=1050%2C600&ssl=1 3x, https:\/\/i0.wp.com\/www.svejkmuseum.cz\/wp\/wp-content\/uploads\/2022\/01\/lidsky_profil-3.jpg?resize=1400%2C800&ssl=1 4x"},"classes":[]},{"id":866,"url":"https:\/\/www.svejkmuseum.cz\/wp\/produkt\/aaamustr-kopirovat-kopirovat\/","url_meta":{"origin":783,"position":3},"title":"Zmizen\u00ed Jaroslava Ha\u0161ka","author":"Jaroslav \u0160er\u00e1k","date":"27. 1. 2022","format":false,"excerpt":"Autor: Alexandr Dunajevskij Editor: N\u00e1zev: Zmizen\u00ed Jaroslava Ha\u0161ka Podtitul: Rok vyd\u00e1n\u00ed: 1967 Sv\u011bt Sov\u011bt\u016f","rel":"","context":"Podobn\u00fd p\u0159\u00edsp\u011bvek","block_context":{"text":"Podobn\u00fd p\u0159\u00edsp\u011bvek","link":""},"img":{"alt_text":"","src":"https:\/\/i0.wp.com\/www.svejkmuseum.cz\/wp\/wp-content\/uploads\/2022\/01\/zmizeni_jar_haska-2-scaled.jpg?resize=350%2C200&ssl=1","width":350,"height":200,"srcset":"https:\/\/i0.wp.com\/www.svejkmuseum.cz\/wp\/wp-content\/uploads\/2022\/01\/zmizeni_jar_haska-2-scaled.jpg?resize=350%2C200&ssl=1 1x, https:\/\/i0.wp.com\/www.svejkmuseum.cz\/wp\/wp-content\/uploads\/2022\/01\/zmizeni_jar_haska-2-scaled.jpg?resize=525%2C300&ssl=1 1.5x, https:\/\/i0.wp.com\/www.svejkmuseum.cz\/wp\/wp-content\/uploads\/2022\/01\/zmizeni_jar_haska-2-scaled.jpg?resize=700%2C400&ssl=1 2x, https:\/\/i0.wp.com\/www.svejkmuseum.cz\/wp\/wp-content\/uploads\/2022\/01\/zmizeni_jar_haska-2-scaled.jpg?resize=1050%2C600&ssl=1 3x, https:\/\/i0.wp.com\/www.svejkmuseum.cz\/wp\/wp-content\/uploads\/2022\/01\/zmizeni_jar_haska-2-scaled.jpg?resize=1400%2C800&ssl=1 4x"},"classes":[]},{"id":867,"url":"https:\/\/www.svejkmuseum.cz\/wp\/produkt\/aaamustr-kopirovat-kopirovat-kopirovat-3\/","url_meta":{"origin":783,"position":4},"title":"V Ha\u0161kov\u00e1ch stop\u00e1ch za Jaroslavem Ha\u0161kem","author":"Jaroslav \u0160er\u00e1k","date":"27. 1. 2022","format":false,"excerpt":"Autor: Sergej Nikolskij Editor: N\u00e1zev: V Ha\u0161kov\u00e1ch stop\u00e1ch za Jaroslavem Ha\u0161kem Podtitul: Rok vyd\u00e1n\u00ed: 2012 Spole\u010dnost pro kulturn\u00ed d\u011bjiny","rel":"","context":"Podobn\u00fd p\u0159\u00edsp\u011bvek","block_context":{"text":"Podobn\u00fd p\u0159\u00edsp\u011bvek","link":""},"img":{"alt_text":"","src":"https:\/\/i0.wp.com\/www.svejkmuseum.cz\/wp\/wp-content\/uploads\/2022\/01\/v-haskovych-stopach-za-Josefem-svejkem-1-scaled.jpg?resize=350%2C200&ssl=1","width":350,"height":200,"srcset":"https:\/\/i0.wp.com\/www.svejkmuseum.cz\/wp\/wp-content\/uploads\/2022\/01\/v-haskovych-stopach-za-Josefem-svejkem-1-scaled.jpg?resize=350%2C200&ssl=1 1x, https:\/\/i0.wp.com\/www.svejkmuseum.cz\/wp\/wp-content\/uploads\/2022\/01\/v-haskovych-stopach-za-Josefem-svejkem-1-scaled.jpg?resize=525%2C300&ssl=1 1.5x, https:\/\/i0.wp.com\/www.svejkmuseum.cz\/wp\/wp-content\/uploads\/2022\/01\/v-haskovych-stopach-za-Josefem-svejkem-1-scaled.jpg?resize=700%2C400&ssl=1 2x, https:\/\/i0.wp.com\/www.svejkmuseum.cz\/wp\/wp-content\/uploads\/2022\/01\/v-haskovych-stopach-za-Josefem-svejkem-1-scaled.jpg?resize=1050%2C600&ssl=1 3x, https:\/\/i0.wp.com\/www.svejkmuseum.cz\/wp\/wp-content\/uploads\/2022\/01\/v-haskovych-stopach-za-Josefem-svejkem-1-scaled.jpg?resize=1400%2C800&ssl=1 4x"},"classes":[]},{"id":787,"url":"https:\/\/www.svejkmuseum.cz\/wp\/produkt\/also-sprach-schwejk\/","url_meta":{"origin":783,"position":5},"title":"Also sprach Schwejk","author":"Jaroslav \u0160er\u00e1k","date":"16. 1. 2022","format":false,"excerpt":"Autor: Jaroslav Ha\u0161ek Editor: Radko Pytl\u00edk N\u00e1zev: Also sprach Schwejk Podtitul: Rok vyd\u00e1n\u00ed:1994","rel":"","context":"Podobn\u00fd p\u0159\u00edsp\u011bvek","block_context":{"text":"Podobn\u00fd p\u0159\u00edsp\u011bvek","link":""},"img":{"alt_text":"","src":"https:\/\/i0.wp.com\/www.svejkmuseum.cz\/wp\/wp-content\/uploads\/2022\/01\/also_sprach_schweik0001.jpg?resize=350%2C200&ssl=1","width":350,"height":200,"srcset":"https:\/\/i0.wp.com\/www.svejkmuseum.cz\/wp\/wp-content\/uploads\/2022\/01\/also_sprach_schweik0001.jpg?resize=350%2C200&ssl=1 1x, https:\/\/i0.wp.com\/www.svejkmuseum.cz\/wp\/wp-content\/uploads\/2022\/01\/also_sprach_schweik0001.jpg?resize=525%2C300&ssl=1 1.5x, https:\/\/i0.wp.com\/www.svejkmuseum.cz\/wp\/wp-content\/uploads\/2022\/01\/also_sprach_schweik0001.jpg?resize=700%2C400&ssl=1 2x"},"classes":[]}],"jetpack_sharing_enabled":true,"_links":{"self":[{"href":"https:\/\/www.svejkmuseum.cz\/wp\/wp-json\/wp\/v2\/product\/783","targetHints":{"allow":["GET"]}}],"collection":[{"href":"https:\/\/www.svejkmuseum.cz\/wp\/wp-json\/wp\/v2\/product"}],"about":[{"href":"https:\/\/www.svejkmuseum.cz\/wp\/wp-json\/wp\/v2\/types\/product"}],"wp:featuredmedia":[{"embeddable":true,"href":"https:\/\/www.svejkmuseum.cz\/wp\/wp-json\/wp\/v2\/media\/760"}],"wp:attachment":[{"href":"https:\/\/www.svejkmuseum.cz\/wp\/wp-json\/wp\/v2\/media?parent=783"}],"wp:term":[{"taxonomy":"product_brand","embeddable":true,"href":"https:\/\/www.svejkmuseum.cz\/wp\/wp-json\/wp\/v2\/product_brand?post=783"},{"taxonomy":"product_cat","embeddable":true,"href":"https:\/\/www.svejkmuseum.cz\/wp\/wp-json\/wp\/v2\/product_cat?post=783"},{"taxonomy":"product_tag","embeddable":true,"href":"https:\/\/www.svejkmuseum.cz\/wp\/wp-json\/wp\/v2\/product_tag?post=783"}],"curies":[{"name":"wp","href":"https:\/\/api.w.org\/{rel}","templated":true}]}}

Jaroslav Hašek ve fotografii

<p>Sbírka fotografií z různých archivů týkajících se Jaroslava Haška včetně  reprodukcí rukopisů z vydání knih, reprodukce z časopisů. Doplněno o ukázky z Haškova díla. Předmluvu napsal Zdena Ančík.</p>

<p>Autor: Jaroslav Hašek, ukázky.</p>
<p>Editor: Josef Kalaš</p>
<p>Název: Jaroslav Hašek ve fotografii</p>
<p>Podtitul:</p>
<p>Rok vydání: 1959</p>

Sebrané verše

Jaroslav Šerák

Autor: Jaroslav Hašek Editor: Jaroslav Šerák & Jomar Hønsi Název: Sebrané verše Podtitul: Opilec s buclatýma rukama Rok vydání: 2015

Podobný příspěvek

Bibliografie Jaroslava Haška

Autor: Boris Mědílek Editor: Název: Bibliografie Jaroslava Haška Podtitul: Soupis jeho díla a literatury o něm Rok vydání: 1983 Památník národního písemnictví

Lidský profil Jaroslava Haška

Autor: Jaroslav Hašek Editor: Radko Pytlík Název: Lidský profil Jaroslava Haška Podtitul: korespondence a dokumenty Rok vydání: 1979 Poznámka: knihu jsem zakoupil v antikvariátu a je opatřena ex libris Městské knihovny v Třeboni a Obecní knihovny Dunajovice a razítkem Vyřazeno. Drobné poznámky tužkou k rodokmenu na poslední stránce.

Zmizení Jaroslava Haška

Autor: Alexandr Dunajevskij Editor: Název: Zmizení Jaroslava Haška Podtitul: Rok vydání: 1967 Svět Sovětů

V Haškovách stopách za Jaroslavem Haškem

Autor: Sergej Nikolskij Editor: Název: V Haškovách stopách za Jaroslavem Haškem Podtitul: Rok vydání: 2012 Společnost pro kulturní dějiny

Autor: Jaroslav Hašek Editor: Radko Pytlík Název: Also sprach Schwejk Podtitul: Rok vydání:1994
