{"id":752,"date":"2022-01-14T11:00:56","date_gmt":"2022-01-14T10:00:56","guid":{"rendered":"https:\/\/www.svejkmuseum.cz\/wp\/?post_type=product&#038;p=752"},"modified":"2025-06-17T11:00:05","modified_gmt":"2025-06-17T09:00:05","slug":"fenomenologie-humoru","status":"publish","type":"product","link":"https:\/\/www.svejkmuseum.cz\/wp\/produkt\/fenomenologie-humoru\/","title":{"rendered":"Fenomenologie humoru"},"content":{"rendered":"<p>P\u0159es v\u0161echny z\u00e1porn\u00e9 zku\u0161enosti existuje v \u010cech\u00e1ch &#8222;chytr\u00fd humor&#8220;. Dokladem je zejm\u00e9na um\u011bleck\u00e1 tvorba, kter\u00e1 se dot\u00fdk\u00e1 i teoretick\u00fdch ot\u00e1zek.<\/p>\n<p>Pr\u00e1ce bilancuj\u00edc\u00ed dlouholet\u00fd z\u00e1jem autora Radko Pytl\u00edka o historii a teorii humoru. Obsahuje mno\u017estv\u00ed charakteristik a uk\u00e1zek z d\u00edla humoristick\u00fdch spisovatel\u016f. Navazuje na dnes ji\u017e rozebran\u00e9 pr\u00e1ce Mal\u00e1 encyklopedie \u010desk\u00e9ho humoru a Pomocn\u00e1 \u0161kola humoru. Kniha je d\u016fkazem, \u017ee i o obecn\u00fdch ot\u00e1zk\u00e1ch v\u011bdy lze mluvit chyt\u0159e a vtipn\u011b!<\/p>\n","protected":false},"excerpt":{"rendered":"<p>Autor: Radko Pytl\u00edk<\/p>\n<p>Editor:<\/p>\n<p>N\u00e1zev: Fenomenologie humoru<\/p>\n<p>Podtitul:<\/p>\n<p>Rok vyd\u00e1n\u00ed: 2000<\/p>\n","protected":false},"featured_media":641,"template":"","meta":[],"product_brand":[],"product_cat":[82,71],"product_tag":[80,56],"class_list":{"0":"post-752","1":"product","2":"type-product","3":"status-publish","4":"has-post-thumbnail","6":"product_cat-vse_za_stovku","7":"product_cat-dok_liter","8":"product_tag-emporius","9":"product_tag-pytlik-radko","10":"pa_barva-cerne","11":"pa_prebal-bez_prebalu","12":"pa_stav-bezny","13":"pa_vazba-brozura","15":"first","16":"outofstock","17":"sale","18":"shipping-taxable","19":"purchasable","20":"product-type-simple"},"jetpack-related-posts":[{"id":2218,"url":"https:\/\/www.svejkmuseum.cz\/wp\/produkt\/j2\/","url_meta":{"origin":752,"position":0},"title":"Jako \u017eena nula","author":"Jaroslav \u0160er\u00e1k","date":"17. 5. 2022","format":false,"excerpt":"Autor: Luisella Fiumiov\u00e1 Editor: N\u00e1zev: Jako \u017eena nula Podtitul: Rok vyd\u00e1n\u00ed: 1979 Pr\u00e1ce \/ ERB","rel":"","context":"Podobn\u00fd p\u0159\u00edsp\u011bvek","block_context":{"text":"Podobn\u00fd p\u0159\u00edsp\u011bvek","link":""},"img":{"alt_text":"","src":"https:\/\/i0.wp.com\/www.svejkmuseum.cz\/wp\/wp-content\/uploads\/2022\/05\/jako-zena-nula-1-scaled.jpg?resize=350%2C200&ssl=1","width":350,"height":200,"srcset":"https:\/\/i0.wp.com\/www.svejkmuseum.cz\/wp\/wp-content\/uploads\/2022\/05\/jako-zena-nula-1-scaled.jpg?resize=350%2C200&ssl=1 1x, https:\/\/i0.wp.com\/www.svejkmuseum.cz\/wp\/wp-content\/uploads\/2022\/05\/jako-zena-nula-1-scaled.jpg?resize=525%2C300&ssl=1 1.5x, https:\/\/i0.wp.com\/www.svejkmuseum.cz\/wp\/wp-content\/uploads\/2022\/05\/jako-zena-nula-1-scaled.jpg?resize=700%2C400&ssl=1 2x, https:\/\/i0.wp.com\/www.svejkmuseum.cz\/wp\/wp-content\/uploads\/2022\/05\/jako-zena-nula-1-scaled.jpg?resize=1050%2C600&ssl=1 3x, https:\/\/i0.wp.com\/www.svejkmuseum.cz\/wp\/wp-content\/uploads\/2022\/05\/jako-zena-nula-1-scaled.jpg?resize=1400%2C800&ssl=1 4x"},"classes":[]},{"id":2368,"url":"https:\/\/www.svejkmuseum.cz\/wp\/produkt\/j31\/","url_meta":{"origin":752,"position":1},"title":"Kanadsk\u00e9 \u017eert\u00edky","author":"Jaroslav \u0160er\u00e1k","date":"21. 5. 2022","format":false,"excerpt":"Autor: Stephen Leacocok Editor: Alois Vina\u0159 N\u00e1zev: Kanadsk\u00e9 \u017eert\u00edky Podtitul: Rok vyd\u00e1n\u00ed: 1979 Pr\u00e1ce","rel":"","context":"Podobn\u00fd p\u0159\u00edsp\u011bvek","block_context":{"text":"Podobn\u00fd p\u0159\u00edsp\u011bvek","link":""},"img":{"alt_text":"","src":"https:\/\/i0.wp.com\/www.svejkmuseum.cz\/wp\/wp-content\/uploads\/2022\/05\/kanadske-zertiky-1.jpg?resize=350%2C200&ssl=1","width":350,"height":200,"srcset":"https:\/\/i0.wp.com\/www.svejkmuseum.cz\/wp\/wp-content\/uploads\/2022\/05\/kanadske-zertiky-1.jpg?resize=350%2C200&ssl=1 1x, https:\/\/i0.wp.com\/www.svejkmuseum.cz\/wp\/wp-content\/uploads\/2022\/05\/kanadske-zertiky-1.jpg?resize=525%2C300&ssl=1 1.5x, https:\/\/i0.wp.com\/www.svejkmuseum.cz\/wp\/wp-content\/uploads\/2022\/05\/kanadske-zertiky-1.jpg?resize=700%2C400&ssl=1 2x, https:\/\/i0.wp.com\/www.svejkmuseum.cz\/wp\/wp-content\/uploads\/2022\/05\/kanadske-zertiky-1.jpg?resize=1050%2C600&ssl=1 3x, https:\/\/i0.wp.com\/www.svejkmuseum.cz\/wp\/wp-content\/uploads\/2022\/05\/kanadske-zertiky-1.jpg?resize=1400%2C800&ssl=1 4x"},"classes":[]},{"id":2016,"url":"https:\/\/www.svejkmuseum.cz\/wp\/produkt\/i26\/","url_meta":{"origin":752,"position":2},"title":"Milostn\u00e9 ro\u0161\u00e1dy","author":"Jaroslav \u0160er\u00e1k","date":"15. 4. 2022","format":false,"excerpt":"Autor: Roald Dahl Editor: N\u00e1zev: Milostn\u00e9 ro\u0161\u00e1dy Podtitul: Rok vyd\u00e1n\u00ed:1984 Odeon","rel":"","context":"Podobn\u00fd p\u0159\u00edsp\u011bvek","block_context":{"text":"Podobn\u00fd p\u0159\u00edsp\u011bvek","link":""},"img":{"alt_text":"","src":"https:\/\/i0.wp.com\/www.svejkmuseum.cz\/wp\/wp-content\/uploads\/2022\/04\/milostne-rosady-2-scaled.jpg?resize=350%2C200&ssl=1","width":350,"height":200,"srcset":"https:\/\/i0.wp.com\/www.svejkmuseum.cz\/wp\/wp-content\/uploads\/2022\/04\/milostne-rosady-2-scaled.jpg?resize=350%2C200&ssl=1 1x, https:\/\/i0.wp.com\/www.svejkmuseum.cz\/wp\/wp-content\/uploads\/2022\/04\/milostne-rosady-2-scaled.jpg?resize=525%2C300&ssl=1 1.5x, https:\/\/i0.wp.com\/www.svejkmuseum.cz\/wp\/wp-content\/uploads\/2022\/04\/milostne-rosady-2-scaled.jpg?resize=700%2C400&ssl=1 2x, https:\/\/i0.wp.com\/www.svejkmuseum.cz\/wp\/wp-content\/uploads\/2022\/04\/milostne-rosady-2-scaled.jpg?resize=1050%2C600&ssl=1 3x, https:\/\/i0.wp.com\/www.svejkmuseum.cz\/wp\/wp-content\/uploads\/2022\/04\/milostne-rosady-2-scaled.jpg?resize=1400%2C800&ssl=1 4x"},"classes":[]},{"id":2361,"url":"https:\/\/www.svejkmuseum.cz\/wp\/produkt\/j24\/","url_meta":{"origin":752,"position":3},"title":"Zv\u011brol\u00e9ka\u0159 a jeho p\u0159\u00e1tel\u00e9","author":"Jaroslav \u0160er\u00e1k","date":"21. 5. 2022","format":false,"excerpt":"Autor: James Herriot Editor: N\u00e1zev: Zv\u011brol\u00e9ka\u0159 a jeho p\u0159\u00e1tel\u00e9 Podtitul: Rok vyd\u00e1n\u00ed: 1993 Svoboda","rel":"","context":"Podobn\u00fd p\u0159\u00edsp\u011bvek","block_context":{"text":"Podobn\u00fd p\u0159\u00edsp\u011bvek","link":""},"img":{"alt_text":"","src":"https:\/\/i0.wp.com\/www.svejkmuseum.cz\/wp\/wp-content\/uploads\/2022\/05\/zverolekar-a-jeho-pratele-1.jpg?resize=350%2C200&ssl=1","width":350,"height":200,"srcset":"https:\/\/i0.wp.com\/www.svejkmuseum.cz\/wp\/wp-content\/uploads\/2022\/05\/zverolekar-a-jeho-pratele-1.jpg?resize=350%2C200&ssl=1 1x, https:\/\/i0.wp.com\/www.svejkmuseum.cz\/wp\/wp-content\/uploads\/2022\/05\/zverolekar-a-jeho-pratele-1.jpg?resize=525%2C300&ssl=1 1.5x, https:\/\/i0.wp.com\/www.svejkmuseum.cz\/wp\/wp-content\/uploads\/2022\/05\/zverolekar-a-jeho-pratele-1.jpg?resize=700%2C400&ssl=1 2x, https:\/\/i0.wp.com\/www.svejkmuseum.cz\/wp\/wp-content\/uploads\/2022\/05\/zverolekar-a-jeho-pratele-1.jpg?resize=1050%2C600&ssl=1 3x, https:\/\/i0.wp.com\/www.svejkmuseum.cz\/wp\/wp-content\/uploads\/2022\/05\/zverolekar-a-jeho-pratele-1.jpg?resize=1400%2C800&ssl=1 4x"},"classes":[]},{"id":2100,"url":"https:\/\/www.svejkmuseum.cz\/wp\/produkt\/i41\/","url_meta":{"origin":752,"position":4},"title":"Nepravideln\u00fd den\u00edk \u010desk\u00e9 renti\u00e9rky","author":"Jaroslav \u0160er\u00e1k","date":"1. 5. 2022","format":false,"excerpt":"Autor: Na\u010fa Dubcov\u00e1 Editor: N\u00e1zev: Nepravideln\u00fd den\u00edk \u010desk\u00e9 renti\u00e9rky Podtitul: Rok vyd\u00e1n\u00ed: 2011 Akcent","rel":"","context":"Podobn\u00fd p\u0159\u00edsp\u011bvek","block_context":{"text":"Podobn\u00fd p\u0159\u00edsp\u011bvek","link":""},"img":{"alt_text":"","src":"https:\/\/i0.wp.com\/www.svejkmuseum.cz\/wp\/wp-content\/uploads\/2022\/05\/denik-rentierky-1.jpg?resize=350%2C200&ssl=1","width":350,"height":200,"srcset":"https:\/\/i0.wp.com\/www.svejkmuseum.cz\/wp\/wp-content\/uploads\/2022\/05\/denik-rentierky-1.jpg?resize=350%2C200&ssl=1 1x, https:\/\/i0.wp.com\/www.svejkmuseum.cz\/wp\/wp-content\/uploads\/2022\/05\/denik-rentierky-1.jpg?resize=525%2C300&ssl=1 1.5x, https:\/\/i0.wp.com\/www.svejkmuseum.cz\/wp\/wp-content\/uploads\/2022\/05\/denik-rentierky-1.jpg?resize=700%2C400&ssl=1 2x, https:\/\/i0.wp.com\/www.svejkmuseum.cz\/wp\/wp-content\/uploads\/2022\/05\/denik-rentierky-1.jpg?resize=1050%2C600&ssl=1 3x, https:\/\/i0.wp.com\/www.svejkmuseum.cz\/wp\/wp-content\/uploads\/2022\/05\/denik-rentierky-1.jpg?resize=1400%2C800&ssl=1 4x"},"classes":[]},{"id":748,"url":"https:\/\/www.svejkmuseum.cz\/wp\/produkt\/karlovarske-rapsodie\/","url_meta":{"origin":752,"position":5},"title":"Karlovarsk\u00e9 rapsodie","author":"Jaroslav \u0160er\u00e1k","date":"14. 1. 2022","format":false,"excerpt":"Autor: Radko Pytl\u00edk Editor: N\u00e1zev: Karlovarsk\u00e9 rapsodie Podtitul: Rok vyd\u00e1n\u00ed: 2005","rel":"","context":"Podobn\u00fd p\u0159\u00edsp\u011bvek","block_context":{"text":"Podobn\u00fd p\u0159\u00edsp\u011bvek","link":""},"img":{"alt_text":"","src":"https:\/\/i0.wp.com\/www.svejkmuseum.cz\/wp\/wp-content\/uploads\/2022\/01\/karlovarske_rapsodie0001.jpg?resize=350%2C200&ssl=1","width":350,"height":200,"srcset":"https:\/\/i0.wp.com\/www.svejkmuseum.cz\/wp\/wp-content\/uploads\/2022\/01\/karlovarske_rapsodie0001.jpg?resize=350%2C200&ssl=1 1x, https:\/\/i0.wp.com\/www.svejkmuseum.cz\/wp\/wp-content\/uploads\/2022\/01\/karlovarske_rapsodie0001.jpg?resize=525%2C300&ssl=1 1.5x, https:\/\/i0.wp.com\/www.svejkmuseum.cz\/wp\/wp-content\/uploads\/2022\/01\/karlovarske_rapsodie0001.jpg?resize=700%2C400&ssl=1 2x"},"classes":[]}],"jetpack_sharing_enabled":true,"_links":{"self":[{"href":"https:\/\/www.svejkmuseum.cz\/wp\/wp-json\/wp\/v2\/product\/752","targetHints":{"allow":["GET"]}}],"collection":[{"href":"https:\/\/www.svejkmuseum.cz\/wp\/wp-json\/wp\/v2\/product"}],"about":[{"href":"https:\/\/www.svejkmuseum.cz\/wp\/wp-json\/wp\/v2\/types\/product"}],"wp:featuredmedia":[{"embeddable":true,"href":"https:\/\/www.svejkmuseum.cz\/wp\/wp-json\/wp\/v2\/media\/641"}],"wp:attachment":[{"href":"https:\/\/www.svejkmuseum.cz\/wp\/wp-json\/wp\/v2\/media?parent=752"}],"wp:term":[{"taxonomy":"product_brand","embeddable":true,"href":"https:\/\/www.svejkmuseum.cz\/wp\/wp-json\/wp\/v2\/product_brand?post=752"},{"taxonomy":"product_cat","embeddable":true,"href":"https:\/\/www.svejkmuseum.cz\/wp\/wp-json\/wp\/v2\/product_cat?post=752"},{"taxonomy":"product_tag","embeddable":true,"href":"https:\/\/www.svejkmuseum.cz\/wp\/wp-json\/wp\/v2\/product_tag?post=752"}],"curies":[{"name":"wp","href":"https:\/\/api.w.org\/{rel}","templated":true}]}}

<p>Přes všechny záporné zkušenosti existuje v Čechách &#8222;chytrý humor&#8220;. Dokladem je zejména umělecká tvorba, která se dotýká i teoretických otázek.</p>
<p>Práce bilancující dlouholetý zájem autora Radko Pytlíka o historii a teorii humoru. Obsahuje množství charakteristik a ukázek z díla humoristických spisovatelů. Navazuje na dnes již rozebrané práce Malá encyklopedie českého humoru a Pomocná škola humoru. Kniha je důkazem, že i o obecných otázkách vědy lze mluvit chytře a vtipně!</p>

<p>Autor: Radko Pytlík</p>
<p>Editor:</p>
<p>Název: Fenomenologie humoru</p>
<p>Podtitul:</p>
<p>Rok vydání: 2000</p>

Jako žena nula

Jaroslav Šerák

Autor: Luisella Fiumiová Editor: Název: Jako žena nula Podtitul: Rok vydání: 1979 Práce / ERB

Podobný příspěvek

Kanadské žertíky

Autor: Stephen Leacocok Editor: Alois Vinař Název: Kanadské žertíky Podtitul: Rok vydání: 1979 Práce

Milostné rošády

Autor: Roald Dahl Editor: Název: Milostné rošády Podtitul: Rok vydání:1984 Odeon

Zvěrolékař a jeho přátelé

Autor: James Herriot Editor: Název: Zvěrolékař a jeho přátelé Podtitul: Rok vydání: 1993 Svoboda

Nepravidelný deník české rentiérky

Autor: Naďa Dubcová Editor: Název: Nepravidelný deník české rentiérky Podtitul: Rok vydání: 2011 Akcent

Karlovarské rapsodie

Autor: Radko Pytlík Editor: Název: Karlovarské rapsodie Podtitul: Rok vydání: 2005
